 13.
9
What is the remainder when 344 is divided by 174/(-5)*(-275)/110?
83
Let o = -336 - -351. Calculate the remainder when 178 is divided by o.
13
Let y(v) be the third derivative of v**5/20 + 5*v**4/8 + 37*v**2. Calculate the remainder when y(-6) is divided by 12.
6
Let r(v) = -v**3 + 17*v**2 - 61*v - 14. Suppose -3*g + 18 = -24. What is the remainder when r(11) is divided by g?
13
Let s(d) = -d**3 + 21*d**2 - 71*d + 24. What is the remainder when s(16) is divided by 45?
33
Suppose -4*f + h + 20 = -3*f, 5*f + 2*h - 100 = 0. Suppose 11*v - 37 - 40 = 0. What is the remainder when f is divided by v?
6
Let z(d) = -d**3 + 4*d**2 + 9*d + 20. Let l be z(6). Suppose -5*h = -l*h - 192. What is the remainder when h is divided by 13?
12
Suppose -40*s + 43*s = 51. Calculate the remainder when 101 is divided by s.
16
Let h = 37 + -84. Let a = 9 - h. What is the remainder when a is divided by 15?
11
Let h(x) = x**3 + 4*x**2 - 16*x - 19. Calculate the remainder when ((-104)/(-65))/(4/30) is divided by h(-6).
2
What is the remainder when 26 is divided by 124/(-310) + 77/5?
11
Let c = 32 - 28. Let z be 0/(-12)*2/c. What is the remainder when 4 is divided by (0/4 - -2) + z?
0
Let k(v) = -9*v - 16. Let u be k(-8). Suppose 0 = -w - 5*g + 23, -7*g = 2*w - 2*g - u. Calculate the remainder when w is divided by 18.
15
Let p = -82 - -76. Let i = 12 + p. Let d = 10 - -2. What is the remainder when d is divided by i?
0
Let m(h) = 5*h - 17. Let t be m(6). Suppose -t*g = -9*g - 12. What is the remainder when 7 is divided by g?
1
Suppose 156 = 2*g + 4*g. Let a = -24 + g. Calculate the remainder when 4 is divided by a.
0
Let m = -2 + 22. Let f = 28 - m. What is the remainder when 27 is divided by f?
3
Suppose -9*b + 15 = -4*b. Suppose -b*o + 0*d = 2*d - 173, -4*d = o - 41. What is the remainder when o is divided by 9?
7
Let w(z) = -z**2 + 10*z - 7. What is the remainder when w(6) is divided by 102/(-85)*(0 + 20/(-3))?
1
Suppose 8*w + 58 = 2*o + 3*w, -3*o = -5*w - 92. What is the remainder when 65 is divided by o?
31
Let h = -11 - -17. Let p = h + 7. Calculate the remainder when p is divided by (-15)/(-5) - (-6 - -2).
6
Suppose -3*a - a = -420. Let k(f) = f**3 - 14*f**2 + 2*f + 8. What is the remainder when a is divided by k(14)?
33
Suppose -4*d + 21 = -m - 48, -2*m = 4*d - 66. What is the remainder when 21 is divided by d?
4
Let q(r) = -2*r + 5. Let z = 151 - 99. Calculate the remainder when z is divided by q(-3).
8
Suppose 64 = w + 56. Calculate the remainder when 46 is divided by w.
6
Let n = 195 - -11. What is the remainder when n is divided by 35?
31
Let q(z) = z**3 + 4*z**2 - 23*z + 13. Suppose -4*d = -5*d + 6. What is the remainder when q(-7) is divided by d?
3
Let z = -327 - -393. What is the remainder when 129 is divided by z?
63
Suppose -4*j + 3*c = -99 + 31, -3*c = 3*j - 30. Suppose 57 = l - 23. What is the remainder when l is divided by j?
10
Suppose 0 = -2*b - j + 1144, 2*b + 8*j = 4*j + 1156. Calculate the remainder when b is divided by 11.
9
Let h = -42 + 45. Calculate the remainder when 64 is divided by h/(-1)*33/6*-2.
31
Let o be (25/(-10))/((-3)/6). Suppose -4*x + 41 = -3*z, -o*x - 3*z = 2*z - 25. Suppose x*g = 12*g - 268. Calculate the remainder when g is divided by 17.
16
Suppose 0 = -5*s - 70 - 30. Let o = s - 3. Let i = o - -36. Calculate the remainder when 25 is divided by i.
12
Let n(c) = 4*c**2 - 2*c - 7. Let o be n(4). Let m = o - 40. Calculate the remainder when m is divided by 4.
1
Calculate the remainder when 15/5 + 87 - (-5)/(-1) is divided by 41.
3
Let f(v) = 40*v**2 - v + 2. Calculate the remainder when f(2) is divided by 41.
37
Let m(w) = 4*w**2 + w. Let f be 3 + -3 - (-7 - 1). Let h(r) = r**2 - 8*r + 1. Let p be h(f). Calculate the remainder when 19 is divided by m(p).
4
Suppose 0*f - p + 993 = 3*f, -331 = -f - p. Calculate the remainder when f is divided by 79.
15
Calculate the remainder when 431 is divided by ((-72)/108)/(4/(-846)).
8
Let a(h) = -h**2 + 9*h + 13. Let x be a(11). What is the remainder when (-10 + 13)/((-1)/x) is divided by 15?
12
Let w = 670 - 618. What is the remainder when 213 is divided by w?
5
Suppose 4*d = -5*s - 14 + 44, 4*s = 2*d - 2. Calculate the remainder when 17 is divided by (15/(-6))/(d/(-12)).
5
Suppose 0 = -4*x + x + 57. Suppose 0 = -q + x - 0. What is the remainder when q is divided by 10?
9
Let f(r) = -r**2 - 29*r - 35. What is the remainder when 92 is divided by f(-27)?
16
Suppose 0 = 55*g - 43*g - 456. Suppose 2*d + 4*b = d + 10, 5*b = 2*d + 6. Suppose -d*k - 222 = -5*k. Calculate the remainder when k is divided by g.
36
Suppose -9*d + 4*d = -70. Suppose 4*w = -6 - d, 4*w = p - 39. What is the remainder when p is divided by 7?
5
Suppose 1573 = 8*q + 5*q. Calculate the remainder when q is divided by 21.
16
Suppose -45*a + 37*a + 2400 = 0. Calculate the remainder when a is divided by 86.
42
Let s = 43 - 2. Let z be 1*(-2)/4*2. Calculate the remainder when s is divided by 4 + z - 8/(-1).
8
Let d(y) = -y**3 - 3*y**2 - 2*y + 1. Suppose 4*i - 8*h - 708 = -5*h, -3*i + 531 = 3*h. What is the remainder when i is divided by d(-5)?
55
Suppose -5 + 10 = 5*q. Let h(t) = 24*t + 2. What is the remainder when 101 is divided by h(q)?
23
What is the remainder when 59 is divided by (-38*2/4)/(19/(-38))?
21
Suppose -12 = -2*f - c + 3*c, 4*f - 48 = -4*c. Let i(m) = m**2 + 96*m + 190. Calculate the remainder when f is divided by i(-2).
1
Suppose 5*n + 176 = 4*d, 0 = 4*d + 3*n + n - 140. Suppose 0 = -s + 2*g + 19, 3*s = 8*s + 4*g - d. What is the remainder when 27 is divided by s?
5
Calculate the remainder when 76/(-209) + 13604/22 is divided by 10.
8
Suppose 0 = -4*k - 5*x + 22 + 10, -2*k = -4*x - 16. Suppose r + 20 = -4*j + 82, 5*j = -4*r + 83. What is the remainder when j is divided by k?
7
Let s be 50*1 - (-10)/(-10). Suppose -l = -0*v + 2*v - 113, -2*l = -v + s. Calculate the remainder when v is divided by 14.
13
What is the remainder when (-3 + -198)*4/(-12) is divided by 29?
9
Let z = -512 - -555. Calculate the remainder when z is divided by 30.
13
Let h = -189 - -196. What is the remainder when 55 is divided by h?
6
Let x be ((-396)/27)/(2/(-3)). Let w = x + -19. Suppose 0*q + 51 = w*q. What is the remainder when 33 is divided by q?
16
Let u = -11 + 11. Suppose -o = -u*o - 4. What is the remainder when 9 is divided by (o*2)/(4/2)?
1
Let y(l) = -l**2 + 6*l + 4. Let i be y(6). Suppose i*s - 93 = s. Calculate the remainder when s is divided by 11.
9
Let o = 72 - 15. What is the remainder when o is divided by 13?
5
Suppose 12 = 4*y, 3*t + 5*y - 40 - 23 = 0. Let m = -60 + 69. Let u = m - 2. What is the remainder when t is divided by u?
2
Let n(y) = 6*y**2 + 1. Let g be n(1). Let q(b) = -b**3 + 9*b**2 - 9*b + 7. What is the remainder when q(g) is divided by 22?
20
Let h(z) be the first derivative of -z**4/4 - 4*z**3/3 - 2*z**2 - 6*z - 18. Calculate the remainder when 19 is divided by h(-4).
9
Let o be 5*(60/18)/(4/(-6)). Let s = 62 + o. What is the remainder when 146 is divided by s?
35
Calculate the remainder when 54 is divided by (2/(-3))/((-1 + -1)/42).
12
Suppose 2*x - 7 = 3. Suppose -5*s + x*f = -75, 0*s - 4*s + 2*f = -52. What is the remainder when 19/(0 + -1 + 2) is divided by s?
8
Let i(t) = 10*t + 97. Calculate the remainder when i(-7) is divided by (-7)/1*(0 + -1).
6
Let d(x) = 6*x**2 - 7*x + 7. What is the remainder when 157 is divided by d(3)?
37
Suppose -2*v + 104 = 3*g, 30*v = -2*g + 28*v + 68. Calculate the remainder when (-1)/3 - (-748)/3 is divided by g.
33
Suppose 5*r - 53 = 2*f + 9, r = -3*f - 127. Let p = -23 - f. What is the remainder when p is divided by ((-12)/(-15))/2 - 96/(-10)?
8
Let i = 1719 + -1637. Calculate the remainder when i is divided by 48.
34
Calculate the remainder when 43 is divided by 0 + 6/4*-2 - -20.
9
Let j(w) = 23*w**3 - w + 1. Let n(t) = 13*t**2 + 5*t + 4. Let c be n(-1). Suppose c*i - 176 = 8*i. What is the remainder when i is divided by j(1)?
21
Suppose -3*d + j - 2*j + 317 = 0, -4*j = -2*d + 230. What is the remainder when 284 is divided by d?
70
Calculate the remainder when 2 - (3 + 1)/((-17)/476) is divided by 50.
14
Let r(o) = o**3 + 9*o**2 + 13*o - 5. What is the remainder when 68 is divided by r(-6)?
18
Let y(j) = 2*j**2 + 29*j - 288. What is the remainder when y(10